e factors of 280051633.
280051633
What are the prime factors of 62672509?
29, 2161121
List the prime factors of 336653113.
877, 383869
List the prime factors of 73728128.
2, 576001
What are the prime factors of 1470243329?
23, 63923623
What are the prime factors of 36573545?
5, 17, 430277
List the prime factors of 118740464.
2, 83, 89413
List the prime factors of 38322563.
19, 2016977
What are the prime factors of 23062473?
3, 7, 53, 6907
What are the prime factors of 2168620792?
2, 13, 20852123
List the prime factors of 2861120785.
5, 179, 3196783
List the prime factors of 88023729.
3, 29, 67, 15101
List the prime factors of 1739063255.
5, 19, 18305929
What are the prime factors of 141428225?
5, 5657129
List the prime factors of 166303944.
2, 3, 167, 13831
List the prime factors of 116754912.
2, 3, 17, 7949
List the prime factors of 133136647.
7, 4027, 4723
What are the prime factors of 4716453676?
2, 11, 19, 53, 9677
What are the prime factors of 2012823346?
2, 619, 1625867
What are the prime factors of 23303887?
337, 69151
What are the prime factors of 154053363?
3, 97, 529393
List the prime factors of 648907644.
2, 3, 7, 11, 702281
List the prime factors of 77984213.
77984213
List the prime factors of 178717807.
29, 37, 193, 863
What are the prime factors of 140615383?
4441, 31663
List the prime factors of 1162610710.
2, 5, 116261071
List the prime factors of 17331803.
431, 40213
What are the prime factors of 917925176?
2, 7, 2039, 8039
What are the prime factors of 622407157?
622407157
What are the prime factors of 532026639?
3, 23, 2570177
List the prime factors of 185427361.
7, 47, 263, 2143
List the prime factors of 2299245971.
11, 17, 37, 332309
List the prime factors of 13400682.
2, 3, 71, 83, 379
What are the prime factors of 703762337?
19, 37040123
List the prime factors of 1504390360.
2, 5, 11, 19, 179951
What are the prime factors of 72052573?
72052573
List the prime factors of 66556281.
3, 11, 2016857
List the prime factors of 671322752.
2, 5244709
List the prime factors of 47122061.
7, 59, 71, 1607
List the prime factors of 4088059065.
3, 5, 1193, 8461
What are the prime factors of 338980610?
2, 5, 43, 73, 10799
What are the prime factors of 52658067?
3, 7, 11, 37, 61, 101
What are the prime factors of 2003444473?
503, 3982991
List the prime factors of 3141268290.
2, 3, 5, 19, 22679
List the prime factors of 790235536.
2, 19, 1213, 2143
List the prime factors of 2428015193.
2237, 1085389
List the prime factors of 5118952139.
7, 29, 3602359
What are the prime factors of 1283196723?
3, 59, 109, 227, 293
What are the prime factors of 485386043?
23, 21103741
List the prime factors of 5428020564.
2, 3, 150778349
List the prime factors of 1142862138.
2, 3, 11, 2161, 2671
List the prime factors of 44589483.
3, 53, 93479
What are the prime factors of 33588805?
5, 43, 156227
List the prime factors of 310079795.
5, 37, 239, 7013
List the prime factors of 1931061664.
2, 7, 241, 35771
List the prime factors of 430042367.
430042367
List the prime factors of 285381981.
3, 307, 34429
List the prime factors of 21654170.
2, 5, 149, 14533
What are the prime factors of 1639085140?
2, 5, 7, 11, 1064341
List the prime factors of 268267005.
3, 5, 733, 2711
List the prime factors of 185909629.
6133, 30313
List the prime factors of 37171112.
2, 11, 17, 24847
List the prime factors of 188278870.
2, 5, 13, 293, 4943
What are the prime factors of 2158616149?
31, 37, 1201, 1567
What are the prime factors of 257323349?
67, 3840647
What are the prime factors of 29532501?
3, 53, 101, 613
List the prime factors of 3096464666.
2, 101, 15329033
What are the prime factors of 2925058298?
2, 1462529149
What are the prime factors of 389270756?
2, 7, 1381, 10067
List the prime factors of 79446450.
2, 3, 5, 47, 59, 191
What are the prime factors of 103981091?
19, 23, 277, 859
What are the prime factors of 2610298863?
3, 290033207
List the prime factors of 217877410.
2, 5, 21787741
What are the prime factors of 310669292?
2, 77667323
What are the prime factors of 41758843?
7, 59, 101111
What are the prime factors of 313070507?
97, 1303, 2477
List the prime factors of 269528513.
23, 11718631
List the prime factors of 137175442.
2, 79, 868199
What are the prime factors of 560042506?
2, 47, 5957899
What are the prime factors of 3388270557?
3, 7, 541, 298237
List the prime factors of 847184013.
3, 13, 7240889
What are the prime factors of 44967033?
3, 257, 19441
List the prime factors of 1953327298.
2, 13, 31, 79, 30677
List the prime factors of 267700445.
5, 17, 1013, 3109
List the prime factors of 288118952.
2, 11, 3274079
List the prime factors of 20729666.
2, 67, 154699
List the prime factors of 171797188.
2, 2399, 17903
List the prime factors of 503128370.
2, 5, 50312837
What are the prime factors of 15824573?
15824573
List the prime factors of 485903265.
3, 5, 17, 29, 65707
What are the prime factors of 1764884023?
7, 252126289
What are the prime factors of 546619824?
2, 3, 1601, 2371
List the prime factors of 2868421263.
3, 37, 25841633
List the prime factors of 1095785547.
3, 53, 6891733
What are the prime factors of 322616071?
59, 557, 9817
List the prime factors of 983032459.
29, 33897671
List the prime factors of 1637879022.
2, 3, 13, 2333161
List the prime factors of 1428732257.
307, 569, 8179
List the prime factors of 1845205694.
2, 307, 3005221
List the prime factors of 601882411.
13, 313, 147919
What are the prime factors of 4712964594?
2, 3, 13, 60422623
What are the prime factors of 546230563?
19, 28748977
What are the prime factors of 72295399?
11, 19, 281, 1231
What are the prime factors of 88665353?
7, 17, 106441
List the prime factors of 1037174071.
19, 197, 277097
List the prime factors of 240495634.
2, 17, 37, 191173
What are the prime factors of 169671730?
2, 5, 17, 998069
List the prime factors of 213378240.
2, 3, 5, 222269
List the prime factors of 64042987.
64042987
List the prime factors of 306853430.
2, 5, 13, 41, 57571
What are the prime factors of 118075710?
2, 3, 5, 17, 127, 1823
What are the prime factors of 2747039732?
2, 29, 23681377
What are the prime factors of 38340138?
2, 3, 19, 336317
List the prime factors of 1209823573.
7, 137, 180221
What are the prime factors of 1400287701?
3, 31, 15056857
What are the prime factors of 25042192?
2, 7, 37, 6043
What are the prime factors of 2183868716?
2, 59, 107, 197, 439
List the prime factors of 124298370.
2, 3, 5, 7, 197299
List the prime factors of 40050867.
3, 79, 168991
What are the prime factors of 31871142?
2, 3, 607, 2917
List the prime factors of 122896777.
122896777
What are the prime factors of 65251944?
2, 3, 61, 83, 179
What are the prime factors of 1315407334?
2, 17, 2311, 16741
List the prime factors of 30988740.
2, 3, 5, 239, 2161
What are the prime factors of 3943847863?
71, 55547153
List the prime factors of 39536459.
39536459
List the prime factors of 14801425.
5, 592057
List the prime factors of 59368590.
2, 3, 5, 17, 38803
List the prime factors of 70543531.
70543531
List the prime factors of 276120908.
2, 7, 9861461
List the prime factors of 2087162.
2, 7, 11, 13553
List the prime factors of 1072295639.
1213, 884003
List the prime factors of 351595832.
2, 7, 6278497
List the prime factors of 96899860.
2, 5, 179, 27067
What are the prime factors of 255210646?
2, 127605323
List the prime factors of 118295971.
113, 1046867
List the prime factors of 994453042.
2, 11, 45202411
What are the prime factors of 379117817?
13, 31, 940739
List the prime factors of 5862585.
3, 5, 23, 16993
What are the prime factors of 38925568?
2, 11, 23, 601
What are the prime factors of 130525268?
2, 32631317
What are the prime factors of 42238859?
13, 3249143
What are the prime factors of 6630492477?
3, 7, 45105391
List the prime factors of 131754013.
131754013
List the prime factors of 18317149.
3121, 5869
List the prime factors of 28576620.
2, 3, 5, 158759
List the prime factors of 20618425.
5, 839, 983
What are the prime factors of 11450111?
41, 193, 1447
List the prime factors of 2373345897.
3, 13, 71, 193, 4441
What are the prime factors of 170530733?
43, 53, 74827
List the prime factors of 156853836.
2, 3, 23, 189437
What are the prime factors of 2164873534?
2, 17, 63672751
List the prim